 divisor of 128 and 214048.
32
Calculate the greatest common factor of 6 and 1186.
2
Calculate the highest common divisor of 14020 and 22160.
20
What is the highest common divisor of 13514 and 1102?
58
Calculate the highest common divisor of 115880 and 80.
40
Calculate the highest common factor of 23145867 and 909.
909
Calculate the greatest common factor of 6 and 436980.
6
What is the greatest common factor of 9300 and 650?
50
Calculate the greatest common divisor of 565837 and 43.
43
What is the highest common factor of 1598 and 283222?
94
What is the highest common divisor of 949 and 8644441?
949
What is the highest common factor of 140 and 1579900?
140
What is the greatest common factor of 4432 and 8416?
16
Calculate the greatest common divisor of 31 and 713.
31
What is the highest common factor of 4378 and 1738?
22
What is the highest common divisor of 20630 and 3030?
10
What is the highest common factor of 1066 and 2096289?
533
Calculate the highest common divisor of 48 and 6580512.
48
What is the highest common divisor of 5 and 352685?
5
What is the greatest common factor of 2540 and 580?
20
What is the greatest common factor of 100 and 47512?
4
What is the highest common factor of 550 and 134475?
275
Calculate the greatest common divisor of 4396 and 2128.
28
What is the highest common divisor of 2116 and 429088?
92
What is the greatest common divisor of 6 and 61952?
2
Calculate the greatest common divisor of 5825 and 725.
25
Calculate the greatest common factor of 312 and 77688.
312
What is the greatest common divisor of 2133 and 27?
27
Calculate the greatest common divisor of 36 and 416.
4
Calculate the highest common divisor of 450 and 11646.
18
Calculate the highest common factor of 451787 and 14679.
1631
Calculate the highest common divisor of 529 and 48438.
23
What is the highest common divisor of 10 and 237890?
10
Calculate the highest common factor of 54600 and 1768.
104
Calculate the highest common factor of 11058 and 6042.
114
What is the greatest common divisor of 860610 and 450?
30
What is the highest common divisor of 159670 and 200?
10
Calculate the greatest common factor of 10731 and 167608.
511
What is the highest common divisor of 1384 and 53111?
173
What is the greatest common divisor of 97389 and 7101?
27
What is the greatest common factor of 13301 and 59713?
283
Calculate the greatest common factor of 14 and 1583302.
14
What is the highest common factor of 28 and 533?
1
Calculate the greatest common factor of 4895 and 31130.
55
What is the highest common divisor of 1840 and 9315?
115
Calculate the greatest common factor of 321 and 6615.
3
What is the highest common divisor of 14134 and 74?
74
Calculate the highest common factor of 110253 and 13728.
429
What is the greatest common divisor of 2176 and 1020?
68
What is the greatest common factor of 8007 and 425?
17
What is the highest common divisor of 108767 and 46?
23
What is the highest common factor of 699104 and 448?
224
What is the greatest common factor of 434 and 342?
2
What is the highest common divisor of 385 and 12600?
35
What is the greatest common factor of 1393 and 7623?
7
What is the highest common factor of 3322 and 1277309?
1661
Calculate the highest common factor of 378 and 240030.
378
Calculate the highest common factor of 1045050 and 150.
150
Calculate the highest common factor of 243354 and 6.
6
What is the highest common divisor of 12 and 249582?
6
What is the highest common factor of 967414 and 86?
86
Calculate the highest common factor of 26552 and 120.
8
What is the greatest common factor of 918 and 370566?
306
What is the greatest common factor of 676923 and 663?
663
Calculate the highest common divisor of 38356 and 47816.
172
What is the highest common factor of 36 and 205488?
36
What is the greatest common divisor of 25095 and 231?
21
Calculate the greatest common divisor of 102 and 268923.
51
What is the greatest common divisor of 700 and 5054?
14
Calculate the greatest common factor of 250 and 6385375.
125
What is the greatest common divisor of 352 and 4504?
8
What is the greatest common divisor of 150205 and 22?
11
What is the highest common factor of 72795 and 11394?
633
What is the highest common factor of 99 and 2511?
9
What is the highest common divisor of 3447 and 9432?
9
What is the highest common factor of 1159 and 4389?
19
What is the greatest common factor of 13830 and 2250?
30
What is the greatest common factor of 19928 and 89464?
424
Calculate the highest common divisor of 4246 and 48443.
193
What is the greatest common divisor of 290851 and 66?
11
What is the greatest common factor of 1694 and 40898?
242
What is the greatest common factor of 79770 and 30?
30
What is the greatest common factor of 336 and 12400?
16
Calculate the greatest common divisor of 255230 and 145.
5
What is the highest common divisor of 1703 and 10611?
131
Calculate the greatest common divisor of 5152 and 1127.
161
What is the greatest common factor of 264 and 296648?
88
What is the highest common divisor of 6936 and 33320?
136
What is the greatest common divisor of 5504 and 1247?
43
Calculate the highest common divisor of 75 and 159.
3
Calculate the highest common divisor of 22295 and 23324.
343
Calculate the greatest common divisor of 271225 and 1142.
571
Calculate the highest common factor of 518 and 27380.
74
Calculate the highest common divisor of 560956 and 22.
22
What is the highest common factor of 116 and 446252?
116
Calculate the highest common divisor of 520 and 160920.
40
Calculate the highest common factor of 14112 and 105.
21
Calculate the greatest common divisor of 513125 and 30.
5
Calculate the greatest common divisor of 2093 and 1449.
161
What is the highest common divisor of 2002 and 658294?
182
Calculate the highest common divisor of 1361002 and 23.
23
What is the greatest common factor of 1836823 and 421?
421
What is the highest common factor of 67 and 540355?
67
Calculate the highest common divisor of 9 and 1194759.
9
Calculate the highest common divisor of 5168 and 1054.
34
What is the highest common factor of 415 and 16351?
83
What is the highest common factor of 32568 and 690?
138
What is the greatest common factor of 8 and 39112?
8
What is the highest common factor of 745 and 84036?
149
What is the highest common factor of 2 and 288814?
2
Calculate the greatest common factor of 768 and 140800.
256
Calculate the greatest common factor of 244 and 793.
61
What is the greatest common divisor of 15763 and 33?
11
Calculate the greatest common factor of 7928 and 152.
8
What is the greatest common divisor of 2569340 and 30?
10
What is the highest common divisor of 392 and 1162?
14
What is the highest common factor of 4862 and 2552?
22
Calculate the highest common divisor of 17560 and 2000.
40
What is the highest common divisor of 2 and 848566?
2
Calculate the highest common divisor of 5425 and 1575.
175
Calculate the highest common divisor of 333416 and 568.
568
Calculate the greatest common divisor of 2076 and 3557572.
692
Calculate the greatest common divisor of 200 and 339775.
25
Calculate the highest common divisor of 3600 and 17610.
30
Calculate the greatest common factor of 61075 and 31325.
175
What is the greatest common factor of 57260 and 784?
28
What is the greatest common factor of 17 and 133297?
17
Calculate the greatest common divisor of 1937 and 1639.
149
What is the highest common divisor of 141620 and 126100?
1940
Calculate the highest common divisor of 6 and 12024.
6
Calculate the highest common divisor of 234 and 2448108.
234
Calculate the greatest common divisor of 113 and 317756.
113
Calculate the highest common factor of 102 and 27897.
51
Calculate the greatest common divisor of 16 and 2953712.
16
What is the highest common divisor of 435 and 945?
15
What is the greatest common divisor of 690 and 133515?
345
Calculate the greatest common divisor of 10137 and 6231.
93
Calculate the highest common divisor of 33 and 25383.
3
Calculate the highest common divisor of 1204 and 29455.
43
Calculate the highest common divisor of 10441 and 159.
53
What is the greatest common divisor of 131345 and 57770?
545
What is the greatest common divisor of 188757 and 63?
9
Calculate the greatest common factor of 825 and 561.
33
Calcula